{"id":41,"date":"2017-05-16T14:00:39","date_gmt":"2017-05-16T14:00:39","guid":{"rendered":"http:\/\/themes.getmotopress.com\/oceanica\/?page_id=41"},"modified":"2019-03-10T19:32:49","modified_gmt":"2019-03-10T18:32:49","slug":"services","status":"publish","type":"page","link":"https:\/\/maisonboulvern.com\/index.php\/fr\/maison-dhotes\/services\/","title":{"rendered":"Nos services"},"content":{"rendered":"<div class=\"mphb_sc_services-wrapper \"><div class=\"mphb-service post-222 mphb_room_service type-mphb_room_service status-publish mphb-service-free mphb-service-pay-per-adult mphb-service-pay-per-night\">\n\n\t\n\n<h2 class=\"mphb-service-title\">\n<a href=\"https:\/\/maisonboulvern.com\/index.php\/fr\/services\/petit-dejeuner\/\">Petit-d\u00e9jeuner<\/a>\n<\/h2>\n\n<p>Nos petits-d\u00e9jeuners sont compos\u00e9s autant faire se peut de produits locaux et biologiques. Les \u0153ufs sont pondus chaque jour par nos poules nourries avec des aliments respectueux de l&rsquo;agriculture biologique. Le pain et les viennoiseries viennent du boulanger, Serge, situ\u00e9 \u00e0 Ploeven, la confiture est faite maison par nos parents et nous nous fournissons en &hellip; <a href=\"https:\/\/maisonboulvern.com\/index.php\/fr\/services\/petit-dejeuner\/\" class=\"more-link\">Continue reading<span class=\"screen-reader-text\"> \u00ab\u00a0Petit-d\u00e9jeuner\u00a0\u00bb<\/span><\/a><\/p>\n\n\n<p class=\"mphb-price-wrapper\"><strong>Prix :<\/strong>\n<span class=\"mphb-price\">Gratuit<\/span>\n<\/p>\n<\/div>\n<div class=\"mphb-service post-875 mphb_room_service type-mphb_room_service status-publish mphb-service-free mphb-service-pay-per-adult mphb-service-pay-per-night\">\n\n\t\n\n<h2 class=\"mphb-service-title\">\n<a href=\"https:\/\/maisonboulvern.com\/index.php\/nl\/services\/ontbijt\/\">Ontbijt<\/a>\n<\/h2>\n\n<p>Ons ontbijt bestaat uit lokale en\/of biologische producten waar mogelijk. De eitjes komen elke dag vers van onze eigen kippen. Het brood halen wij bij de beste bakker uit de regio, Serge, die gesitueerd is in Ploeven. De jam is huisgemaakt en de yoghurt komt van de boerderij de Kerheu die zowel gewone als biologische &hellip; <a href=\"https:\/\/maisonboulvern.com\/index.php\/nl\/services\/ontbijt\/\" class=\"more-link\">Continue reading<span class=\"screen-reader-text\"> \u00ab\u00a0Ontbijt\u00a0\u00bb<\/span><\/a><\/p>\n\n\n<p class=\"mphb-price-wrapper\"><strong>Prix :<\/strong>\n<span class=\"mphb-price\">Gratuit<\/span>\n<\/p>\n<\/div>\n<div class=\"mphb-service post-1207 mphb_room_service type-mphb_room_service status-publish mphb-service-free mphb-service-pay-per-adult mphb-service-pay-per-night\">\n\n\t\n\n<h2 class=\"mphb-service-title\">\n<a href=\"https:\/\/maisonboulvern.com\/index.php\/en\/services\/breakfast\/\">Breakfast<\/a>\n<\/h2>\n\n<p>We serve full breakfast. Bread from the best local baker, Serge in Ploeven. Fruit, vegetables, cheese and meat are from local producers, organically grown when available. Our chickens provide your eggs. Jams are homemade and yoghurt comes from a local farm le Kerheu. Breakfast is always included.<\/p>\n\n\n<p class=\"mphb-price-wrapper\"><strong>Prix :<\/strong>\n<span class=\"mphb-price\">Gratuit<\/span>\n<\/p>\n<\/div>\n<div class=\"mphb-service post-1692 mphb_room_service type-mphb_room_service status-publish mphb-service-pay-per-adult mphb-service-pay-per-night\">\n\n\t\n\n<h2 class=\"mphb-service-title\">\n<a href=\"https:\/\/maisonboulvern.com\/index.php\/fr\/services\/panier-dejeuner-a-emporter\/\">Panier \u00ab\u00a0d\u00e9jeuner\u00a0\u00bb \u00e0 emporter<\/a>\n<\/h2>\n\n<p>\u00c0 emporter lors de vos randonn\u00e9es sur le GR34 ou en temps de fermeture des restaurant en raison des mesures sanitaires, nous vous pr\u00e9parerons un panier repas compos\u00e9 d&rsquo;une entr\u00e9e \u00e0 grignoter, d&rsquo;un sandwich, d&rsquo;un morceau de fromage et d&rsquo;un dessert ou fruit, le tout accompagn\u00e9 d&rsquo;une bouteille d&rsquo;eau min\u00e9rale. Nous effor\u00e7ons de choisir des &hellip; <a href=\"https:\/\/maisonboulvern.com\/index.php\/fr\/services\/panier-dejeuner-a-emporter\/\" class=\"more-link\">Continue reading<span class=\"screen-reader-text\"> \u00ab\u00a0Panier \u00ab\u00a0d\u00e9jeuner\u00a0\u00bb \u00e0 emporter\u00a0\u00bb<\/span><\/a><\/p>\n\n\n<p class=\"mphb-price-wrapper\"><strong>Prix :<\/strong>\n<span class=\"mphb-price\">10&nbsp;<span class=\"mphb-currency\">&euro;<\/span><\/span> \/ Par jour \/ Par invit\u00e9(e)\n<\/p>\n<\/div>\n<div class=\"mphb-service post-876 mphb_room_service type-mphb_room_service status-publish mphb-service-pay-per-adult\">\n\n\t\n\n<h2 class=\"mphb-service-title\">\n<a href=\"https:\/\/maisonboulvern.com\/index.php\/nl\/services\/table-dhotes-2\/\">Plateau d\u00eener<\/a>\n<\/h2>\n\n<p>Alleen op de zondag- of maandagavond serveren wij op aanvraag een diner uit. Het diner bestaat uit drie gangen inclusief drankjes. In het hoogseizoen (van 15 juni tot en met 15 september) serveren wij geen diner.\u00a0 Het diner dient van te voren te worden gereserveerd.\u00a0<\/p>\n\n\n<p class=\"mphb-price-wrapper\"><strong>Prix :<\/strong>\n<span class=\"mphb-price\">30&nbsp;<span class=\"mphb-currency\">&euro;<\/span><\/span> \/ une fois \/ Par invit\u00e9(e)\n<\/p>\n<\/div>\n<div class=\"mphb-service post-1208 mphb_room_service type-mphb_room_service status-publish mphb-service-pay-per-adult\">\n\n\t\n\n<h2 class=\"mphb-service-title\">\n<a href=\"https:\/\/maisonboulvern.com\/index.php\/en\/services\/table-dhotes-3\/\">Plateau d\u00eener<\/a>\n<\/h2>\n\n<p>In the common room we can serve you a simple four course meal. The plateau exist of an entree, a main course, \u00a0cheese and desert. We always try to use local and\/or biological products. Drinks are included. Not in the high season and not every evening (mostly only Sunday and Monday). Please reserve in advance. &hellip; <a href=\"https:\/\/maisonboulvern.com\/index.php\/en\/services\/table-dhotes-3\/\" class=\"more-link\">Continue reading<span class=\"screen-reader-text\"> \u00ab\u00a0Plateau d\u00eener\u00a0\u00bb<\/span><\/a><\/p>\n\n\n<p class=\"mphb-price-wrapper\"><strong>Prix :<\/strong>\n<span class=\"mphb-price\">30&nbsp;<span class=\"mphb-currency\">&euro;<\/span><\/span> \/ une fois \/ Par invit\u00e9(e)\n<\/p>\n<\/div>\n<div class=\"mphb-service post-1621 mphb_room_service type-mphb_room_service status-publish mphb-service-pay-per-adult\">\n\n\t\n\n<h2 class=\"mphb-service-title\">\n<a href=\"https:\/\/maisonboulvern.com\/index.php\/fr\/services\/plateau-diner\/\">Plateau \u00ab\u00a0d\u00eener\u00a0\u00bb sur place (par personne)<\/a>\n<\/h2>\n\n<p>Servi dans la salle \u00e0 manger commune, le plateau d\u00eener est compos\u00e9 d&rsquo;une entr\u00e9e (produits locaux comme un bocal, une terrine ou une conserve), d&rsquo;un plat principal chaud, d&rsquo;un fromage et d&rsquo;un dessert, le tout accompagn\u00e9 d&rsquo;un bouteille de vin et d&rsquo;une carafe d&rsquo;eau. Respect les mesures sanitaires. Sauf haut saison et uniquement les dimanches &hellip; <a href=\"https:\/\/maisonboulvern.com\/index.php\/fr\/services\/plateau-diner\/\" class=\"more-link\">Continue reading<span class=\"screen-reader-text\"> \u00ab\u00a0Plateau \u00ab\u00a0d\u00eener\u00a0\u00bb sur place (par personne)\u00a0\u00bb<\/span><\/a><\/p>\n\n\n<p class=\"mphb-price-wrapper\"><strong>Prix :<\/strong>\n<span class=\"mphb-price\">30&nbsp;<span class=\"mphb-currency\">&euro;<\/span><\/span> \/ une fois \/ Par invit\u00e9(e)\n<\/p>\n<\/div>\n<div class=\"mphb-service post-225 mphb_room_service type-mphb_room_service status-publish mphb-service-free\">\n\n\t\n\n<h2 class=\"mphb-service-title\">\n<a href=\"https:\/\/maisonboulvern.com\/index.php\/fr\/services\/wifi-gratuit\/\">WiFi gratuit<\/a>\n<\/h2>\n\n<p>M\u00eame si nous ne vous conseillerons jamais assez d&rsquo;essayer de d\u00e9connecter lors de votre s\u00e9jour \u00e0 la Maison Boulvern, nous vous remettrons \u00e0 votre arriv\u00e9e un code afin d&rsquo;acc\u00e8der \u00e0 une connection WiFi d\u00e9di\u00e9e \u00e0 nos convives. La qualit\u00e9 de la connection est suffisante pour regarder des films en streaming. Ce service est\u00a0inclus dans le &hellip; <a href=\"https:\/\/maisonboulvern.com\/index.php\/fr\/services\/wifi-gratuit\/\" class=\"more-link\">Continue reading<span class=\"screen-reader-text\"> \u00ab\u00a0WiFi gratuit\u00a0\u00bb<\/span><\/a><\/p>\n\n\n<p class=\"mphb-price-wrapper\"><strong>Prix :<\/strong>\n<span class=\"mphb-price\">Gratuit<\/span>\n<\/p>\n<\/div>\n<div class=\"mphb-service post-873 mphb_room_service type-mphb_room_service status-publish mphb-service-free\">\n\n\t\n\n<h2 class=\"mphb-service-title\">\n<a href=\"https:\/\/maisonboulvern.com\/index.php\/nl\/services\/gratis-wifi\/\">Gratis WiFi<\/a>\n<\/h2>\n\n<p>Elke kamer beschikt over Wifi ontvangst. Bij aankomst krijgt u van ons de inlogcode.<\/p>\n\n\n<p class=\"mphb-price-wrapper\"><strong>Prix :<\/strong>\n<span class=\"mphb-price\">Gratuit<\/span>\n<\/p>\n<\/div>\n<div class=\"mphb-service post-1205 mphb_room_service type-mphb_room_service status-publish mphb-service-free\">\n\n\t\n\n<h2 class=\"mphb-service-title\">\n<a href=\"https:\/\/maisonboulvern.com\/index.php\/en\/services\/free-wifi\/\">Free WiFi<\/a>\n<\/h2>\n\n<p>This is of course available. You get the log in code at your arrival. &nbsp;<\/p>\n\n\n<p class=\"mphb-price-wrapper\"><strong>Prix :<\/strong>\n<span class=\"mphb-price\">Gratuit<\/span>\n<\/p>\n<\/div>\n\n\t\t\t<nav class=\"navigation mphb-pagination pagination\" role=\"navigation\">\n\t\t\t\t<h2 class=\"screen-reader-text\">Mise en page des services<\/h2>\n\t\t\t\t<div class=\"nav-links\"><span aria-current=\"page\" class=\"page-numbers current\">1<\/span>\n<a class=\"page-numbers\" href=\"https:\/\/maisonboulvern.com\/index.php\/wp-json\/wp\/v2\/pages\/41\/page\/2\/\">2<\/a>\n<a class=\"next page-numbers\" href=\"https:\/\/maisonboulvern.com\/index.php\/wp-json\/wp\/v2\/pages\/41\/page\/2\/\">Suivant\u00a0\u00bb<\/a><\/div>\n\t\t\t<\/nav><\/div>\n","protected":false},"excerpt":{"rendered":"<p>Nous vous proposons une liste de services pour rendre votre s\u00e9jour encore plus agr\u00e9able<\/p>\n","protected":false},"author":1,"featured_media":485,"parent":16,"menu_order":2,"comment_status":"closed","ping_status":"closed","template":"","meta":{"jetpack_post_was_ever_published":false,"footnotes":""},"class_list":["post-41","page","type-page","status-publish","has-post-thumbnail","hentry"],"yoast_head":"<!-- This site is optimized with the Yoast SEO plugin v27.4 - https:\/\/yoast.com\/product\/yoast-seo-wordpress\/ -->\n<title>Nos services - Maison Boulvern<\/title>\n<meta name=\"robots\" content=\"index, follow, max-snippet:-1, max-image-preview:large, max-video-preview:-1\" \/>\n<link rel=\"canonical\" href=\"https:\/\/maisonboulvern.com\/index.php\/fr\/maison-dhotes\/services\/\" \/>\n<meta property=\"og:locale\" content=\"fr_FR\" \/>\n<meta property=\"og:type\" content=\"article\" \/>\n<meta property=\"og:title\" content=\"Nos services - Maison Boulvern\" \/>\n<meta property=\"og:description\" content=\"Nous vous proposons une liste de services pour rendre votre s\u00e9jour encore plus agr\u00e9able\" \/>\n<meta property=\"og:url\" content=\"https:\/\/maisonboulvern.com\/index.php\/fr\/maison-dhotes\/services\/\" \/>\n<meta property=\"og:site_name\" content=\"Maison Boulvern\" \/>\n<meta property=\"article:modified_time\" content=\"2019-03-10T18:32:49+00:00\" \/>\n<meta property=\"og:image\" content=\"https:\/\/i0.wp.com\/maisonboulvern.com\/wp-content\/uploads\/2018\/08\/Services_2000x1065.jpg?fit=2000%2C1065&ssl=1\" \/>\n\t<meta property=\"og:image:width\" content=\"2000\" \/>\n\t<meta property=\"og:image:height\" content=\"1065\" \/>\n\t<meta property=\"og:image:type\" content=\"image\/jpeg\" \/>\n<meta name=\"twitter:card\" content=\"summary_large_image\" \/>\n<script type=\"application\/ld+json\" class=\"yoast-schema-graph\">{\"@context\":\"https:\\\/\\\/schema.org\",\"@graph\":[{\"@type\":\"WebPage\",\"@id\":\"https:\\\/\\\/maisonboulvern.com\\\/index.php\\\/fr\\\/maison-dhotes\\\/services\\\/\",\"url\":\"https:\\\/\\\/maisonboulvern.com\\\/index.php\\\/fr\\\/maison-dhotes\\\/services\\\/\",\"name\":\"Nos services - Maison Boulvern\",\"isPartOf\":{\"@id\":\"https:\\\/\\\/maisonboulvern.com\\\/#website\"},\"primaryImageOfPage\":{\"@id\":\"https:\\\/\\\/maisonboulvern.com\\\/index.php\\\/fr\\\/maison-dhotes\\\/services\\\/#primaryimage\"},\"image\":{\"@id\":\"https:\\\/\\\/maisonboulvern.com\\\/index.php\\\/fr\\\/maison-dhotes\\\/services\\\/#primaryimage\"},\"thumbnailUrl\":\"https:\\\/\\\/i0.wp.com\\\/maisonboulvern.com\\\/wp-content\\\/uploads\\\/2018\\\/08\\\/Services_2000x1065.jpg?fit=2000%2C1065&ssl=1\",\"datePublished\":\"2017-05-16T14:00:39+00:00\",\"dateModified\":\"2019-03-10T18:32:49+00:00\",\"breadcrumb\":{\"@id\":\"https:\\\/\\\/maisonboulvern.com\\\/index.php\\\/fr\\\/maison-dhotes\\\/services\\\/#breadcrumb\"},\"inLanguage\":\"fr-FR\",\"potentialAction\":[{\"@type\":\"ReadAction\",\"target\":[\"https:\\\/\\\/maisonboulvern.com\\\/index.php\\\/fr\\\/maison-dhotes\\\/services\\\/\"]}]},{\"@type\":\"ImageObject\",\"inLanguage\":\"fr-FR\",\"@id\":\"https:\\\/\\\/maisonboulvern.com\\\/index.php\\\/fr\\\/maison-dhotes\\\/services\\\/#primaryimage\",\"url\":\"https:\\\/\\\/i0.wp.com\\\/maisonboulvern.com\\\/wp-content\\\/uploads\\\/2018\\\/08\\\/Services_2000x1065.jpg?fit=2000%2C1065&ssl=1\",\"contentUrl\":\"https:\\\/\\\/i0.wp.com\\\/maisonboulvern.com\\\/wp-content\\\/uploads\\\/2018\\\/08\\\/Services_2000x1065.jpg?fit=2000%2C1065&ssl=1\",\"width\":2000,\"height\":1065},{\"@type\":\"BreadcrumbList\",\"@id\":\"https:\\\/\\\/maisonboulvern.com\\\/index.php\\\/fr\\\/maison-dhotes\\\/services\\\/#breadcrumb\",\"itemListElement\":[{\"@type\":\"ListItem\",\"position\":1,\"name\":\"Accueil\",\"item\":\"https:\\\/\\\/maisonboulvern.com\\\/index.php\\\/fr\\\/\"},{\"@type\":\"ListItem\",\"position\":2,\"name\":\"Bienvenue \u00e0 la Maison Boulvern\",\"item\":\"https:\\\/\\\/maisonboulvern.com\\\/index.php\\\/fr\\\/\"},{\"@type\":\"ListItem\",\"position\":3,\"name\":\"Nos services\"}]},{\"@type\":\"WebSite\",\"@id\":\"https:\\\/\\\/maisonboulvern.com\\\/#website\",\"url\":\"https:\\\/\\\/maisonboulvern.com\\\/\",\"name\":\"Maison Boulvern\",\"description\":\"Chambres d&#039;h\u00f4tes de charme au c\u0153ur du Finist\u00e8re\",\"publisher\":{\"@id\":\"https:\\\/\\\/maisonboulvern.com\\\/#organization\"},\"potentialAction\":[{\"@type\":\"SearchAction\",\"target\":{\"@type\":\"EntryPoint\",\"urlTemplate\":\"https:\\\/\\\/maisonboulvern.com\\\/?s={search_term_string}\"},\"query-input\":{\"@type\":\"PropertyValueSpecification\",\"valueRequired\":true,\"valueName\":\"search_term_string\"}}],\"inLanguage\":\"fr-FR\"},{\"@type\":\"Organization\",\"@id\":\"https:\\\/\\\/maisonboulvern.com\\\/#organization\",\"name\":\"Maison Boulvern\",\"url\":\"https:\\\/\\\/maisonboulvern.com\\\/\",\"logo\":{\"@type\":\"ImageObject\",\"inLanguage\":\"fr-FR\",\"@id\":\"https:\\\/\\\/maisonboulvern.com\\\/#\\\/schema\\\/logo\\\/image\\\/\",\"url\":\"https:\\\/\\\/i0.wp.com\\\/maisonboulvern.com\\\/wp-content\\\/uploads\\\/2020\\\/06\\\/Icone_512x512.jpg?fit=2135%2C2135&ssl=1\",\"contentUrl\":\"https:\\\/\\\/i0.wp.com\\\/maisonboulvern.com\\\/wp-content\\\/uploads\\\/2020\\\/06\\\/Icone_512x512.jpg?fit=2135%2C2135&ssl=1\",\"width\":2135,\"height\":2135,\"caption\":\"Maison Boulvern\"},\"image\":{\"@id\":\"https:\\\/\\\/maisonboulvern.com\\\/#\\\/schema\\\/logo\\\/image\\\/\"}}]}<\/script>\n<!-- \/ Yoast SEO plugin. -->","yoast_head_json":{"title":"Nos services - Maison Boulvern","robots":{"index":"index","follow":"follow","max-snippet":"max-snippet:-1","max-image-preview":"max-image-preview:large","max-video-preview":"max-video-preview:-1"},"canonical":"https:\/\/maisonboulvern.com\/index.php\/fr\/maison-dhotes\/services\/","og_locale":"fr_FR","og_type":"article","og_title":"Nos services - Maison Boulvern","og_description":"Nous vous proposons une liste de services pour rendre votre s\u00e9jour encore plus agr\u00e9able","og_url":"https:\/\/maisonboulvern.com\/index.php\/fr\/maison-dhotes\/services\/","og_site_name":"Maison Boulvern","article_modified_time":"2019-03-10T18:32:49+00:00","og_image":[{"width":2000,"height":1065,"url":"https:\/\/i0.wp.com\/maisonboulvern.com\/wp-content\/uploads\/2018\/08\/Services_2000x1065.jpg?fit=2000%2C1065&ssl=1","type":"image\/jpeg"}],"twitter_card":"summary_large_image","schema":{"@context":"https:\/\/schema.org","@graph":[{"@type":"WebPage","@id":"https:\/\/maisonboulvern.com\/index.php\/fr\/maison-dhotes\/services\/","url":"https:\/\/maisonboulvern.com\/index.php\/fr\/maison-dhotes\/services\/","name":"Nos services - Maison Boulvern","isPartOf":{"@id":"https:\/\/maisonboulvern.com\/#website"},"primaryImageOfPage":{"@id":"https:\/\/maisonboulvern.com\/index.php\/fr\/maison-dhotes\/services\/#primaryimage"},"image":{"@id":"https:\/\/maisonboulvern.com\/index.php\/fr\/maison-dhotes\/services\/#primaryimage"},"thumbnailUrl":"https:\/\/i0.wp.com\/maisonboulvern.com\/wp-content\/uploads\/2018\/08\/Services_2000x1065.jpg?fit=2000%2C1065&ssl=1","datePublished":"2017-05-16T14:00:39+00:00","dateModified":"2019-03-10T18:32:49+00:00","breadcrumb":{"@id":"https:\/\/maisonboulvern.com\/index.php\/fr\/maison-dhotes\/services\/#breadcrumb"},"inLanguage":"fr-FR","potentialAction":[{"@type":"ReadAction","target":["https:\/\/maisonboulvern.com\/index.php\/fr\/maison-dhotes\/services\/"]}]},{"@type":"ImageObject","inLanguage":"fr-FR","@id":"https:\/\/maisonboulvern.com\/index.php\/fr\/maison-dhotes\/services\/#primaryimage","url":"https:\/\/i0.wp.com\/maisonboulvern.com\/wp-content\/uploads\/2018\/08\/Services_2000x1065.jpg?fit=2000%2C1065&ssl=1","contentUrl":"https:\/\/i0.wp.com\/maisonboulvern.com\/wp-content\/uploads\/2018\/08\/Services_2000x1065.jpg?fit=2000%2C1065&ssl=1","width":2000,"height":1065},{"@type":"BreadcrumbList","@id":"https:\/\/maisonboulvern.com\/index.php\/fr\/maison-dhotes\/services\/#breadcrumb","itemListElement":[{"@type":"ListItem","position":1,"name":"Accueil","item":"https:\/\/maisonboulvern.com\/index.php\/fr\/"},{"@type":"ListItem","position":2,"name":"Bienvenue \u00e0 la Maison Boulvern","item":"https:\/\/maisonboulvern.com\/index.php\/fr\/"},{"@type":"ListItem","position":3,"name":"Nos services"}]},{"@type":"WebSite","@id":"https:\/\/maisonboulvern.com\/#website","url":"https:\/\/maisonboulvern.com\/","name":"Maison Boulvern","description":"Chambres d&#039;h\u00f4tes de charme au c\u0153ur du Finist\u00e8re","publisher":{"@id":"https:\/\/maisonboulvern.com\/#organization"},"potentialAction":[{"@type":"SearchAction","target":{"@type":"EntryPoint","urlTemplate":"https:\/\/maisonboulvern.com\/?s={search_term_string}"},"query-input":{"@type":"PropertyValueSpecification","valueRequired":true,"valueName":"search_term_string"}}],"inLanguage":"fr-FR"},{"@type":"Organization","@id":"https:\/\/maisonboulvern.com\/#organization","name":"Maison Boulvern","url":"https:\/\/maisonboulvern.com\/","logo":{"@type":"ImageObject","inLanguage":"fr-FR","@id":"https:\/\/maisonboulvern.com\/#\/schema\/logo\/image\/","url":"https:\/\/i0.wp.com\/maisonboulvern.com\/wp-content\/uploads\/2020\/06\/Icone_512x512.jpg?fit=2135%2C2135&ssl=1","contentUrl":"https:\/\/i0.wp.com\/maisonboulvern.com\/wp-content\/uploads\/2020\/06\/Icone_512x512.jpg?fit=2135%2C2135&ssl=1","width":2135,"height":2135,"caption":"Maison Boulvern"},"image":{"@id":"https:\/\/maisonboulvern.com\/#\/schema\/logo\/image\/"}}]}},"jetpack_sharing_enabled":true,"jetpack_shortlink":"https:\/\/wp.me\/Pa8bKW-F","jetpack-related-posts":[],"amp_enabled":true,"_links":{"self":[{"href":"https:\/\/maisonboulvern.com\/index.php\/wp-json\/wp\/v2\/pages\/41","targetHints":{"allow":["GET"]}}],"collection":[{"href":"https:\/\/maisonboulvern.com\/index.php\/wp-json\/wp\/v2\/pages"}],"about":[{"href":"https:\/\/maisonboulvern.com\/index.php\/wp-json\/wp\/v2\/types\/page"}],"author":[{"embeddable":true,"href":"https:\/\/maisonboulvern.com\/index.php\/wp-json\/wp\/v2\/users\/1"}],"replies":[{"embeddable":true,"href":"https:\/\/maisonboulvern.com\/index.php\/wp-json\/wp\/v2\/comments?post=41"}],"version-history":[{"count":1,"href":"https:\/\/maisonboulvern.com\/index.php\/wp-json\/wp\/v2\/pages\/41\/revisions"}],"predecessor-version":[{"id":486,"href":"https:\/\/maisonboulvern.com\/index.php\/wp-json\/wp\/v2\/pages\/41\/revisions\/486"}],"up":[{"embeddable":true,"href":"https:\/\/maisonboulvern.com\/index.php\/wp-json\/wp\/v2\/pages\/16"}],"wp:featuredmedia":[{"embeddable":true,"href":"https:\/\/maisonboulvern.com\/index.php\/wp-json\/wp\/v2\/media\/485"}],"wp:attachment":[{"href":"https:\/\/maisonboulvern.com\/index.php\/wp-json\/wp\/v2\/media?parent=41"}],"curies":[{"name":"wp","href":"https:\/\/api.w.org\/{rel}","templated":true}]}}